*d**2 - 17*d + 40. What is c(-7)?
61
Let y(i) = -25*i - 56. Determine y(-4).
44
Let l(t) = -2*t**3 - 62*t**2 + 202*t + 31. Determine l(-34).
99
Let l(k) = 2*k**3 - 154*k - 432. Give l(-3).
-24
Let d(h) = -2*h**3 - 15*h**2 - 46*h + 1. Determine d(-6).
169
Let o(k) = -k**3 - 8*k**2 - 4*k + 14. Determine o(-4).
-34
Let i(u) = 207*u + 1050. Determine i(-5).
15
Let h(r) = -1155*r + 1154. Give h(1).
-1
Let f(z) = -18*z + 149. Calculate f(2).
113
Let i(o) = -2*o**3 + 40*o**2 - 39*o + 50. What is i(19)?
31
Let q(a) = -251*a + 754. Give q(3).
1
Let v(b) = 2*b**3 + 285*b**2 + 145*b + 442. Give v(-142).
16
Let c(l) = 2*l**2 + 5*l - 21. Determine c(3).
12
Let k(i) = 153*i - 1612. Calculate k(11).
71
Let d(z) = -48*z - 295. Give d(-6).
-7
Let u(y) = 18*y**2 - 32*y + 52. Calculate u(1).
38
Let r(q) = -q**3 - 11*q**2 + 15*q + 11. Calculate r(-13).
154
Let d(y) = -y**3 + 5*y**2 + 8*y - 5. Determine d(5).
35
Let b(k) = 38*k + 171. Give b(0).
171
Let l(z) = 2152*z - 8604. Calculate l(4).
4
Let q(l) = -5*l**2 - 93*l - 81. What is q(-18)?
-27
Let t(y) = y**3 - 17*y**2 - 15*y + 120. Give t(5).
-255
Let f(h) = -9*h**3 + 123*h**2 + 39*h + 34. What is f(14)?
-8
Let g(i) = -3*i**3 - 42*i**2 + 119*i - 584. Calculate g(-17).
-6
Let d(w) = -2*w**2 - 50*w - 69. Give d(-23).
23
Let f(v) = 5*v**2 - 64*v + 260. Determine f(18).
728
Let j(g) = -6*g**2 + 83*g - 301. Determine j(8).
-21
Let v(j) = -2*j**3 - 16*j**2 + 45*j - 13. What is v(3)?
-76
Let i(v) = -2655*v - 7907. Calculate i(-3).
58
Let q(r) = 6*r + 65. Calculate q(-9).
11
Let r(h) = -h**3 + h**2 + 43. Determine r(5).
-57
Let z(a) = a**3 - 24*a**2 + 95*a - 683. Give z(21).
-11
Let w(o) = -66*o + 1344. Give w(21).
-42
Let s(w) = 10*w**3 - 81*w**2 + 4*w - 34. Determine s(8).
-66
Let u(g) = -g**2 - 2*g + 52. Give u(-6).
28
Let t(h) = h**3 + 8*h**2 - 105*h + 3. Determine t(-15).
3
Let x(b) = 3*b**3 - 9*b**2 - 23*b - 75. Give x(-5).
-560
Let o(i) = -i**3 - 50*i**2 - 97*i - 33. Calculate o(-48).
15
Let t(z) = 5*z**3 - 64*z**2 - 17*z + 94. Calculate t(13).
42
Let q(d) = 2*d - 19. What is q(21)?
23
Let s(r) = 281*r - 3184. Calculate s(11).
-93
Let z(t) = -t**2 + 60*t + 472. Determine z(-7).
3
Let g(h) = 259*h - 1340. Calculate g(5).
-45
Let h(o) = 5*o**3 - 1406*o**2 + 296*o - 4204. Give h(281).
11
Let k(o) = -o**2 + 67*o + 3415. Give k(101).
-19
Let p(s) = 2*s**2 + 1260*s + 6283. What is p(-5)?
33
Let l(f) = f**3 - 81*f**2 - 249*f - 221. Determine l(84).
31
Let l(y) = -5*y**2 - 248*y - 154. What is l(-49)?
-7
Let c(p) = -655*p - 7822. Calculate c(-12).
38
Let k(p) = 23*p**2 - 134*p - 5. What is k(6)?
19
Let v(z) = -z**2 + 48*z - 249. Give v(6).
3
Let j(c) = -459*c + 2299. Determine j(5).
4
Let f(z) = -z**3 - 85*z**2 - 83*z - 24. Give f(-84).
-108
Let b(m) = 2*m**2 - 240*m + 2672. Determine b(12).
80
Let j(h) = -h**3 - 47*h**2 + 2*h + 449. Give j(-47).
355
Let b(f) = -793*f + 6346. Determine b(8).
2
Let c(v) = -v**2 + 78. What is c(-8)?
14
Let z(l) = 3*l**2 - 88*l + 760. Calculate z(15).
115
Let c(z) = 43*z + 331. Determine c(-7).
30
Let q(d) = 17*d + 5. Give q(25).
430
Let a(w) = w**2 + 36*w - 4860. What is a(54)?
0
Let k(a) = -138*a + 1238. Give k(9).
-4
Let v(g) = 29*g - 20. Determine v(0).
-20
Let k(g) = -300*g + 3590. What is k(12)?
-10
Let l(s) = s**3 + 58*s**2 + 113*s - 429. Calculate l(-4).
-17
Let t(o) = -o**3 + 25*o**2 + 12*o + 41. Give t(25).
341
Let b(o) = -327*o + 1286. Determine b(4).
-22
Let d(u) = -2902*u - 49336. What is d(-17)?
-2
Let g(d) = 2*d**2 - 1199*d - 24767. Calculate g(-20).
13
Let s(a) = -a**3 - 19*a**2 + 779*a + 1. What is s(-39)?
40
Let r(s) = 5*s**2 + 192*s + 314. Calculate r(-37).
55
Let f(r) = -r**3 + 22*r**2 - 115*r + 10. Calculate f(12).
70
Let t(k) = 4*k**2 - 57*k + 172. What is t(5)?
-13
Let x(i) = 4*i**2 - 69*i - 1225. Give x(28).
-21
Let x(v) = v**3 + 10*v**2 - 78*v - 747. What is x(-9)?
36
Let r(c) = -86*c + 148. Determine r(5).
-282
Let n(w) = -3*w**2 - 288*w - 3838. Give n(-80).
2
Let c(b) = -b**3 - 7*b**2 + 44*b - 159. Calculate c(4).
-159
Let g(n) = 2*n**3 + 14*n**2 - 52*n + 64. Determine g(5).
404
Let w(b) = 26*b**2 - 9*b + 2. Give w(1).
19
Let j(i) = -61*i + 117. Give j(2).
-5
Let d(w) = 4293*w + 30061. Determine d(-7).
10
Let g(k) = k**3 + 21*k**2 - 14*k + 27. What is g(-22)?
-149
Let k(f) = -f**3 - 6*f**2 - 61*f + 201. Determine k(3).
-63
Let b(q) = 14*q**2 - 24*q + 76. Determine b(4).
204
Let m(s) = 11*s - 248. Determine m(-8).
-336
Let u(w) = w**3 - 33*w**2 - 32*w - 138. Determine u(34).
-70
Let w(l) = 26*l**2 + 335*l + 21. What is w(-13)?
60
Let o(n) = -2*n**2 + 52*n + 349. Determine o(-6).
-35
Let m(y) = -y**3 + 58*y**2 - 72*y - 2236. What is m(56)?
4
Let g(s) = s**3 + 8*s**2 + 20*s - 38. Calculate g(-6).
-86
Let g(f) = f**3 + 5*f**2 - 39*f - 5. Calculate g(-9).
22
Let l(c) = -c**2 - 3234*c - 48287. Calculate l(-15).
-2
Let f(p) = p**3 - 22*p**2 + 44*p + 29. Calculate f(20).
109
Let u(g) = -6*g - 259. Determine u(-40).
-19
Let v(u) = 16*u**2 + 39*u - 218. Calculate v(8).
1118
Let m(z) = -z**3 - 5*z**2 - 14*z - 18. Calculate m(-4).
22
Let p(j) = -6*j + 137. What is p(4)?
113
Let v(l) = -7*l**2 + 12*l + 127. Give v(5).
12
Let t(j) = j**3 + 11*j**2 - 15*j - 22. Determine t(-12).
14
Let q(m) = -4*m**2 - 25*m - 13. Calculate q(-11).
-222
Let r(y) = 2156*y - 12942. Give r(6).
-6
Let i(k) = -2*k**3 + 7*k**2 - k - 11. Determine i(3).
-5
Let x(i) = -100*i - 4638. Determine x(-47).
62
Let w(p) = -41*p + 2051. What is w(50)?
1
Let r(a) = -2862*a + 77269. Calculate r(27).
-5
Let p(t) = -917*t + 910. What is p(1)?
-7
Let p(b) = b**3 + 5*b**2 + 13*b + 45. Determine p(-6).
-69
Let w(t) = t**3 - 8*t**2 + 4*t + 4. Calculate w(7).
-17
Let p(n) = 3327*n + 23270. What is p(-7)?
-19
Let n(r) = 888*r - 1122. What is n(2)?
654
Let l(b) = -2*b**2 - 38*b - 16. Determine l(-16).
80
Let v(d) = -44*d + 19. Determine v(2).
-69
Let a(n) = n**3 - 7*n**2 + 6*n + 20. Give a(7).
62
Let m(u) = 234*u - 1651. Determine m(7).
-13
Let x(n) = -14*n + 1076. Give x(68).
124
Let j(h) = -1017*h + 15216. Calculate j(15).
-39
Let t(g) = 15*g + 503. Determine t(-36).
-37
Let r(d) = -144*d + 721. What is r(5)?
1
Let n(d) = -96*d**2 - 17282*d - 353. Give n(-180).
7
Let d(u) = -u**3 - 5*u**2 - 10*u - 34. Calculate d(-4).
-10
Let d(i) = 3*i**3 + 20*i**2 + 17*i + 33. Calculate d(-6).
3
Let g(x) = 11*x**3 + 240*x**2 - 36*x - 48. What is g(-22)?
-224
Let b(x) = -2*x**3 - 28*x**2 + 29*x + 20. Give b(-15).
35
Let c(i) = 93*i - 189. Determine c(2).
-3
Let f(o) = -8*o**2 + 8*o + 26. What is f(4)?
-70
Let d(p) = -525*p + 3649. Give d(7).
-26
Let r(f) = -8*f + 112. Determine r(20).
-48
Let i(n) = 5*n**2 + 13*n - 97. Give i(5).
93
Let z(j) = -18*j + 2511. Calculate z(140).
-9
Let s(m) = 2*m**3 - 4*m**2 - 9*m - 50. Determine s(-5).
-355
Let b(t) = 1947*t + 17528. Calculate b(-9).
5
Let s(x) = 46*x - 873. Give s(19).
1
Let x(v) = 153*v + 3521. What is x(-24)?
-151
Let a(v) = 9*v**2 - v - 11. Give a(-2).
27
Let z(v) = -35*v**2 - 144*v - 5. Give z(-4).
11
Let r(n) = -7*n + 174. Determine r(34).
-64
Let p(c) = 8*c**2 - 89*c - 598. Calculate p(16).
26
Let a(d) = -d**3 + 3*d**2 + 22*d - 64. Determine a(5).
-4
Let w(f) = 1661*f - 39864. Calculate w(24).
0
Let o(d) = -d**2 + 5*d + 252. Determine o(-16).
-84
Let z(d) = 16*d - 19. Give z(2).
13
Let d(r) = -5*r**2 + 291*r + 913. What is d(-3)?
-5
Let p(k) = 10*k**2 + 1501*k + 145. Give p(-150).
-5
Let a(j) = -327*j - 1301. Determine a(-4).
7
Let t(i) = 1436*i - 20112. Calculate t(14).
-8
Let x(s) = s**2 + 31*s - 258. What is x(-36)?
-78
Let c(q) = 3*q**2 - 155*q + 1425. Calculate c(12).
-3
Let p(s) = 6*s**2 + 634*s - 6. Give p(0).
-6
Let b(a) = 5*a**3 + 21*a**2 - 170*a + 8. What is b(4)?
-16
Let v(b) = -b**3 + 105*b**2 - 2108*b + 167. Determine v(78).
11
Let p(y) = -y**3 + 7*y**2 + 31*y - 229. Give p(6).
-7
Let u(r) = r**3 - 42*r**2 + 153*r - 88. Calculate u(38).
-50
Let a(m) = -15*m**2 - 240*m - 24. What is a(-16)?
-24
Let f(m) = -m**3 - 13*m**2 + 2*m + 5. What is f(3)?
-133
Let d(o) = -o**3 + 7*o**2 - 3*o + 30. Calculate d(6).
48
Let k(y) = y**3 - 29*y**2 - 90*y + 1784. Calculate k(30).
-16
Let d(l) = -159*l + 1371. What is d(10)?
-219
Let s(c) = c**3 + 15*c**2 + 9*c - 61. What is s(-13)?
160
Let k(x) = 2*x**3 + 70*x**2 + 64*x + 2247. Give k(-35).
7
Let k(u) = -36*u + 122. What is k(-9)?
446